25)). Calculate the highest common divisor of x and g.
4
Let i be (-2247)/(-147) + 6/(-21). What is the highest common factor of 12 and i?
3
Suppose g = 3*h + 5, 0 = h - 3*g + 15 - 0. Let y be (25 - 26)/(h + 1/(-15)). What is the greatest common divisor of y and 9?
3
Let n(k) = -25*k - 23. Let x(b) = -6*b - 6. Let h(d) = 2*n(d) - 9*x(d). Let r be h(11). Calculate the highest common factor of 13 and r.
13
Let g be (6/(-15))/(209/70 - 3). Calculate the highest common factor of g and 20.
4
Let r be (-1 - -47)*(-1 - -3). Suppose 5 = -a + 9. Suppose -2*v + 199 = -3*q, -a*v + 3*v + 4*q = -r. Calculate the highest common factor of v and 13.
13
Let v(c) = -558*c - 18. Let f(s) = 279*s + 10. Let m(x) = -9*f(x) - 5*v(x). Let r be m(1). Calculate the highest common divisor of r and 31.
31
Let l(c) = 3*c - 42. Let z = -98 - -113. Let u be l(z). Calculate the greatest common divisor of 1 and u.
1
Let l be ((-352)/40)/((-4)/150). Suppose -7*t - 120 = -11*t. Calculate the greatest common divisor of t and l.
30
Suppose 12*n + 1001 = 5*n. Let p = n - -147. Suppose 4*q = -3*o + 124, -5*q = o - 6*o - 120. What is the greatest common factor of q and p?
4
Let j = -39 + 51. Let q = 23 + j. What is the highest common factor of q and 7?
7
Suppose 0 = 4*d + 2*s - 16, 13 = 2*d - s + 1. Let u = 73 + -67. Suppose 3*w = u, 3*h + w - 32 = 30. What is the greatest common divisor of h and d?
5
Let n be 1/(((-2)/1)/(-316)). Let w = n + -83. Suppose 0*a = -a + w. Calculate the highest common divisor of a and 30.
15
Let r(x) = -30*x**2 - 5*x - 11. Let t be r(5). Let l = -324 - t. Calculate the greatest common factor of 42 and l.
42
Let t be 436/18 - (-11)/(396/(-8)). What is the greatest common divisor of t and 128?
8
Let n(k) = k**2 - 4*k - 150. Let r be n(-11). What is the greatest common factor of 405 and r?
15
Let t = -1449 - -1455. What is the highest common factor of 123 and t?
3
Let c = 17 + 100. Calculate the greatest common factor of 156 and c.
39
Let l(u) = -u**3 - 2*u**2 + 80*u + 15. Let j be l(8). What is the greatest common factor of j and 885?
15
Let f(o) = 5*o**2 + 25*o + 2*o + 14*o - 12*o - o**3 - 5. Let d be f(7). What is the highest common factor of d and 40?
20
Let y be (62/2 + -1)/((-136)/(-408)). Let c(o) = o**2 + 5*o + 4. Let i be c(-6). What is the greatest common factor of i and y?
10
Suppose 2*k = z + 13, -15*k + 16*k - 3*z - 4 = 0. What is the highest common divisor of 2821 and k?
7
Let q = 77 + -19. Let g(t) = t**2 - 4*t + 10. Let v be g(-7). Calculate the highest common divisor of q and v.
29
Let s = 28 - -15. Calculate the greatest common factor of s and 129.
43
Let d be (42/4)/((-12)/(-8)). Suppose -2*b + d = -15. Let v be (4/(-6))/((-6)/99). Calculate the greatest common divisor of b and v.
11
Suppose 2*g = -g - o + 1073, 0 = 5*g + 2*o - 1787. Suppose -g = -9*u - 62. What is the highest common factor of 3 and u?
3
Suppose 0 = -2*d - h + 18, -2*d = -d - 2*h - 19. Let t be (-495)/30*(-5 + 1). What is the highest common divisor of t and d?
11
Let i(a) = 100*a - 794. Let v be i(8). What is the highest common divisor of v and 3?
3
Let h be (-11120)/(-18) + -12 + (-220)/(-18). What is the highest common factor of h and 6?
6
Let w be 5/((-10)/(-18)) - 2. Let u = w - 9. Let a(p) = p**2 - 2*p + 1. Let b be a(u). What is the highest common divisor of b and 81?
9
Let a = -31 + 24. Let h = a - -17. What is the greatest common factor of 20 and h?
10
Let j = -71 + 75. Suppose f - 4*d + 5 - 34 = 0, d - 82 = -j*f. Calculate the highest common factor of 42 and f.
21
Let c(j) = -j**2 + 7*j - 5. Let q be c(5). Let r be (1 - -12) + 12/4. Let z = r + -6. What is the highest common factor of z and q?
5
Suppose 4 = 4*l, -w = -l - 4*l - 86. Let j = 15 - 10. Let a be -1*(65/(-1))/j. What is the greatest common divisor of a and w?
13
Suppose 0 = -9*r + 872 + 217. What is the highest common divisor of 22 and r?
11
Suppose -375 = -47*p + 894. Calculate the greatest common factor of p and 24.
3
Let r be ((-14)/(-4))/(3/6). Suppose 2*m = -0 + 2. What is the greatest common factor of r and m?
1
Let t be 118/5 - (-4)/10. Let b = -540 + 548. Calculate the highest common factor of b and t.
8
Suppose 5*r - 2*r = 5*y, 5*r = 25. Suppose 12 = -y*a, 0 = 4*b - a + 4*a - 108. Calculate the highest common divisor of 150 and b.
30
Let j be (-8)/((1 + -4)*(-3)/(-27)). Calculate the highest common factor of j and 12.
12
Suppose 131 = 12*n + 11. Let v(q) be the first derivative of q**3/3 - q**2/2 + 4*q - 1. Let s be v(0). What is the highest common divisor of n and s?
2
Let q(p) = p**2 - 5*p + 3. Let b = -40 + 38. Let a be q(b). What is the greatest common divisor of 170 and a?
17
Suppose 4*m - 8 = k - 2*k, 4*m - 5*k - 8 = 0. Let j(y) = y**3 + y**m - 4*y**3 + 4 + 2*y**3 + y. Let u be j(0). Calculate the highest common factor of u and 20.
4
Let p = 3603 + -3598. Let n = 104 + -59. What is the highest common divisor of n and p?
5
Suppose 3*i + 2*x = -32, -3*i - 4*x = -0*x + 40. Let o = i + 6. Let h = 12 + o. What is the greatest common divisor of 20 and h?
10
Let w be (0 + -2)/((-8)/16) + 56. Let l be 9*3*w/27. What is the greatest common factor of 300 and l?
60
Let n be 6/((-30)/(-25)) - -193. Suppose -n = -5*l - 4*l. What is the highest common divisor of l and 22?
22
Let c(n) = n - 13. Let k be c(-5). Let x = k - -22. Let i be (-5)/(-2) - 1/2. What is the greatest common divisor of i and x?
2
Let v(k) = 5*k + 18. Let o be v(24). Calculate the greatest common factor of o and 6.
6
Let k(u) = 4*u**2 + 12*u - 84. Let o be k(7). Calculate the greatest common divisor of o and 56.
28
Let z(h) = h**2 - 10. Let d be z(-5). Calculate the greatest common factor of 225 and d.
15
Let o be 102/(-4)*((-20)/3)/10. Let l be (-1)/2*0/1. Suppose -j - j + 170 = l. What is the highest common factor of j and o?
17
Let h be (0 - (-6)/(-3)) + (3 - -3). Suppose h*a = 5*a - 7. What is the highest common factor of 1 and a?
1
Suppose 303*p - 268*p = 1050. What is the greatest common divisor of 3420 and p?
30
Suppose -18 = -2*q + 4*k, -k - 2*k = -5*q + 24. Suppose 0 = -2*w - 4*t + 3*t + 547, -q*w + 813 = 4*t. What is the highest common divisor of w and 25?
25
Suppose 3*r = 6*r - 819. Let i = 385 - r. Let f = 57 - 41. What is the highest common factor of i and f?
16
Let n(c) = c + 13. Suppose w + 25 = -w + 5*t, 1 = t. Let i be n(w). Let x be 0 - (2 - (124 + i)). What is the highest common factor of x and 50?
25
Suppose -4*b = b - 15. Let p be (b - 6 - -2) + 5. Suppose -k + 0*k + 6 = 0. What is the greatest common divisor of k and p?
2
Let f be (-2)/2 + (5 - 1). Suppose -12*t + 19*t - 28 = 0. Suppose 2*j - 13 = f*w, -t*j + 3*w - 5*w = -66. What is the highest common factor of j and 14?
14
Suppose 0 = 9*w - 13*w - 8. Let g be w/(-9) - 1700/(-45). Calculate the greatest common factor of g and 342.
38
Let k(d) be the first derivative of 151*d**2/2 + d + 5. Let h be k(1). Let w be h/6 - 12/9. What is the highest common divisor of 36 and w?
12
Let i be -1 - (37 + (-2 - 0)). Let s(c) = 11*c + 76. Let m be s(0). Let q = i + m. What is the highest common divisor of 5 and q?
5
Let p = -8 - -4. Let m be (-280)/21*39/p. Suppose 3*i + 2*h - 72 = 0, 2*h - 3 = 4*i - 113. What is the highest common factor of m and i?
26
Let c(n) = 3*n**3 - n. Let m be c(1). Suppose 0 = -3*v - 4*t + 274, -t - 181 = -m*v - 2*t. What is the greatest common factor of 36 and v?
18
Let h = 1 + 17. Suppose g - 4*u = -2*g + 27, 0 = 2*g + u - h. Calculate the highest common factor of 63 and g.
9
Let o be 26 + 1 + (-2 - 0). Suppose 3*q - 5 - 34 = 3*m, 0 = 4*q + 5*m - o. Calculate the highest common divisor of 25 and q.
5
Let w(k) = 2*k**3 - 76*k**2 + 6*k - 103. Let b be w(38). Calculate the greatest common divisor of b and 100.
25
Let s be 4/(4/21) - (27 + -28). Calculate the greatest common factor of 4 and s.
2
Let u(o) = o**2 + o - 22. Let k be u(11). Calculate the greatest common factor of k and 60.
10
Suppose -5 - 1 = -f. Let a be 11 - 2 - (f + -2). Calculate the highest common factor of 2 and a.
1
Let u(a) = -a**2 + 32*a - 27. Let r be u(30). Let p be 1760/r*6/5. Calculate the highest common divisor of 8 and p.
8
Let y = 698 + -654. What is the highest common factor of y and 12?
4
Suppose -5*k + 2*k + 6 = 0. Suppose -4*g - 2 = -c, k*c - g = g + 34. What 